- 2 + 10*i**3 - i**2 - 9*i**3. Suppose 5*j = 27 - 2. Determine p(j).
-2
Let m(k) be the first derivative of 39 - 3/2*k**2 + k**3 - 2*k. Determine m(-2).
16
Suppose -3 = -2*i + 3. Let n(w) = -11*w - w + i*w - 7*w**2 + 3*w - w**3 - 4. Let z(r) = 3*r + 69. Let x be z(-25). What is n(x)?
-4
Suppose -6*n + 5*n - 6 = 0. Let l(m) = -m**3 - 5*m**2 + 9*m + 1. Let h(f) = f**3 + 5*f**2 - 10*f - 1. Let i(w) = 2*h(w) + 3*l(w). Determine i(n).
-5
Suppose -11 = 6*x - 5. Let c(a) = 23*a + 2. Determine c(x).
-21
Let j(a) = 4*a - 12. Let b(o) = -36*o - 139. Let k be b(-4). Give j(k).
8
Let x(w) = 2*w**3 + 3*w**2 - 22*w - 6. Let q be x(-4). Let p(o) = -6*o + 5. Determine p(q).
-7
Let f(b) be the third derivative of 1/3*b**3 + 0 - 1/12*b**4 + 31*b**2 + 0*b. What is f(7)?
-12
Let t(p) = -p**2 + 12*p - 14. Let k = -1640 + 1649. What is t(k)?
13
Suppose -3*c - 5*z + 9 = -92, 2*c - 94 = 2*z. Let m(w) = -2 + 39*w - c*w + 3. Suppose 4*n + 2 = 4*y - 2, 2*y + 4*n + 16 = 0. Calculate m(y).
7
Let m(z) = -30 - 92 + z + 100. Give m(17).
-5
Let o = 62 + -60. Let u(k) = -2*k - 49 - 2*k + 5*k**o + 51 + 8*k. What is u(-2)?
14
Let u(t) = -9 + 2*t - 4 + 17 - 11. Determine u(4).
1
Let y(s) = -s. Suppose 2 = -3*k + 8. Suppose 0 = -2*u + u - a - 4, -5*u = -a - 10. Suppose 5 = -k*v - u. What is y(v)?
3
Let r(w) be the second derivative of 34*w + 0*w**4 + 1/20*w**5 + 0*w**2 - 1/6*w**3 + 0. What is r(2)?
6
Let l be ((-8)/(-12))/((-282)/(-54) - 5). Let r(b) = -b**3 + 2*b**2 + 3*b + 4. Calculate r(l).
4
Let w(p) = 16*p - 32. Let h(n) = -6*n + 17. Let o(y) = -5*h(y) - 2*w(y). What is o(-14)?
7
Let o(r) be the second derivative of -r**3/2 + 5*r**2 - 4*r + 7. Calculate o(4).
-2
Let r = 19 + -17. Let t(h) = h**2 - 65*h**3 - 2*h**r + 17 + 64*h**3. Give t(0).
17
Let t be 0 - (-1 - 3) - 2. Let b(d) = 3*d + 3*d**t + 2*d**3 - 22 + 53 - 29. Calculate b(-2).
-8
Let j = 1 - 1. Let n(t) = 5*t**2 - 7*t. Let u(a) = 4*a**2 - 6*a + 1. Let y(r) = -5*n(r) + 6*u(r). Give y(j).
6
Let u(s) = s**2 - s - 4. Let k(d) = 1. Let j = 8 + -7. Let v(w) = j*u(w) + 4*k(w). Give v(3).
6
Let z(c) = -c**3 - c**2 - c - 3. Suppose 15*y - 20*y + 70 = 0. Suppose -56 = -5*d + d. Let o = y - d. Calculate z(o).
-3
Let v(a) = -4*a - 42. Let i be v(-13). Let r be (i - 2) + (3 - 4). Let g(f) = f**2 - 7*f - 2. Give g(r).
-2
Let l(i) be the second derivative of i**6/360 - i**5/30 + 7*i**4/24 + 23*i**3/6 + 8*i. Let o(g) be the second derivative of l(g). What is o(5)?
12
Suppose 0 = -t + 4*g + 25 - 9, 5*t = 4*g. Let v be 4/((-4)/(-7)) - 4. Let h(l) = -2*l**2 - 4 + l**v + 3*l + 4*l**2 + 3*l**2. Determine h(t).
0
Let w(q) = q**3 - 19*q**2 + q - 18. Suppose 18*g = -0*g + 342. Determine w(g).
1
Let t(y) be the second derivative of y**7/840 - y**5/60 - 23*y**3/6 + 22*y. Let c(l) be the second derivative of t(l). Give c(-2).
-4
Let a(j) = -j**2 - 7*j - 9. Suppose -11*n = -6*n + 565. Let u = n - -107. Calculate a(u).
-3
Let u(v) = -v**3 + 7*v**2. Let g be u(7). Let c be (g + 1)/((-21)/126). Let d(h) = h**2 + 7*h + 6. Determine d(c).
0
Let x(c) = -c - 1. Let f(z) = z**2 - 5*z + 4. Let k be f(4). Suppose -v - v + 30 = k. Suppose -2*i + v = i. What is x(i)?
-6
Let f(i) = -i**3 - 15*i**2 + 2. Let x be f(-15). Suppose 0 = 4*c + x + 2. Let w(d) = -13*d**3 - 2*d**2 - 2*d - 1. Give w(c).
12
Let p(m) = m**3 - 10*m**2 - 10*m - 9. Let g be p(11). Suppose g*f - 5*k = f + 5, 0 = 2*k. Let s(o) = -o + 2 - o**2 - 3*o + f*o - 5*o. Give s(-5).
-3
Let d(r) be the second derivative of r**4/12 + 5*r**3/6 - 4*r**2 + 943*r. Suppose k - 3*t + 20 = -k, 2*k + 6 = -4*t. Calculate d(k).
6
Let l(h) = 7 - 10*h**2 + 30*h**3 - 31*h**3 + 7 + 0 + 2*h. Calculate l(-10).
-6
Suppose -2 = -2*s + 4*y + 2, s - 3*y = 1. Suppose 2 - s = -g. Let x(m) = -m**3 + 4 - 2*m**2 + 2*m**g + 4*m - m**2. Give x(-3).
10
Let g(w) = -3*w - 4. Let h(n) = -2*n**2 - n + 1. Let d be h(-2). Let v(o) = -o**3 - 4*o**2 + 4*o - 10. Let k be v(d). Determine g(k).
11
Let g(y) = -y**2 + 7*y - 7. Let j be g(10). Let r = j + 62. Suppose 5*k - r = -w, -w + 2*k = -4*w + 10. Let i(z) = -z**2 - z + 6. Determine i(w).
6
Let b(f) = f**3 - f - 1. Let z(p) = 0*p**2 + 6*p - 12 + p**2 + 18. Let o be z(-2). Give b(o).
-7
Suppose -6*u + 4*u - 18 = 0. Let q = u + 6. Let v(l) = 4*l**3 + l**2 - 6*l + 1. Let c(s) = 7*s**3 + 2*s**2 - 11*s + 3. Let h(g) = q*c(g) + 5*v(g). Give h(-3).
5
Let b = -268 + 272. Let k(a) = -a**3 + 4*a**2 - 2*a + 5. What is k(b)?
-3
Let z be 2/(-14) + (-174)/(-42). Suppose 4*m + 16 = -a, 2*m - z*a - 6 = 4. Let s(h) = h**2 + 2*h + 3. Determine s(m).
6
Let t(q) = 3*q + 10*q - 5*q. Suppose -5*z + 9*z - 16 = 0. Suppose z*w - 19*w = 15. Give t(w).
-8
Let k(q) = -2*q**3 - q**2 + 1. Let y be -1 + ((-8)/2 - (-10 - -6)). Determine k(y).
2
Let q(l) = -9*l**3 + 19*l**3 + 3 - 8*l**3 - l**2 - 4*l. Suppose -5*r = -h + 4*h - 19, -h = -3*r + 3. Give q(r).
7
Let z = -24 - -44. Suppose 1 + 24 = -5*m, -5*r + z = m. Let k(h) = 5*h + h**3 + 27*h + 6*h - 36*h - 6*h**2 + 1. Calculate k(r).
-14
Let k(t) = -t**2 - 19*t + 54. Suppose -2*x - 43 + 4 = -5*d, 4*x + 3*d = -91. Calculate k(x).
-12
Let i(t) be the second derivative of -t**4/12 - t**3/3 + 2*t**2 - t + 54. Give i(-4).
-4
Let i(s) = -s**2 + 4*s + 3. Let c be i(4). Let a(m) = m - 3. Let x be a(1). Let z(g) = 1. Let k(h) = 2*h**2 - 5*h + 5. Let v(j) = x*z(j) + k(j). What is v(c)?
6
Let t(z) be the first derivative of -29 - 2*z + 1/2*z**2. Suppose 3*b - 2 + 4 = 4*m, -3*m + 7 = -5*b. Determine t(b).
-4
Let a = -177 + 172. Let g(t) = t**3 + 6*t**2 + 5*t - 4. Give g(a).
-4
Suppose -7*w + 16 = -5. Let h(j) be the second derivative of j**4/12 - j**3/3 + j**2/2 + 4*j. Determine h(w).
4
Let c(d) = -579*d**2 + 594*d**2 - 6*d**3 + 37 + 14*d + 7*d**3 - 2*d**3. Calculate c(16).
5
Let o(f) be the third derivative of -f**4/24 - 7*f**3/6 - 307*f**2. Give o(-5).
-2
Let w(v) = 11*v**2 + 1. Let z = 107 + -87. Suppose -6*q + 2*q - 5*x = -21, 5*q = 3*x - z. What is w(q)?
12
Let l(i) = -i**2 - 7*i + 11. Suppose -3*q - 4 = -5*r, 9 = -3*r + 3*q - 5*q. Let s be (-26)/2 - 4/r. Give l(s).
-7
Let w be (-5)/(-270)*12*18. Let h(q) = -2*q**2 + 3*q + 8. What is h(w)?
-12
Let o(c) = -2*c - 1. Let r be o(-3). Let y(d) = 4*d**3 + 1 + 33*d - 3*d**3 - 34*d - r*d**2. Calculate y(5).
-4
Suppose 32 = 4*f + 4*u, -u + 5 - 1 = 0. Suppose 30 = l + f*l. Let z(a) = 3*a - 4. Give z(l).
14
Let a(q) be the second derivative of q**3/3 + 7*q**2/2 + 4*q. Suppose -19 = -7*f + 3*f + 5*n, 2*f = -n + 13. Give a(f).
19
Let p(w) = w**3 - 6*w**2 + 2*w - 1. Suppose 2*f = -5*s + 5 - 0, -16 = -4*f - 4*s. Give p(f).
-16
Let c = -4 + 30. Let i(g) = 0*g**2 + 52 + g**2 - 23 - c - 9*g. Give i(8).
-5
Let z = -2 + 4. Let s(k) be the third derivative of k**4/12 - k**3/2 + 371*k**2. Calculate s(z).
1
Let p = 808 + -822. Let g(h) = -2*h**3 - 29*h**2 - 16*h - 22. Calculate g(p).
6
Let s(w) = 18*w**3 + 11*w**2 - 14*w. Suppose 2*t = t + 3, -3*i + t + 30 = 0. Let d(l) = -6*l**3 - 4*l**2 + 5*l. Let q(j) = i*d(j) + 4*s(j). What is q(1)?
5
Let f(h) = 3 - 6*h - 136*h**3 + 4*h**2 - 4*h**2 - 9*h**2 + 135*h**3 + 0*h**2. Determine f(-8).
-13
Let m(c) = -5*c - 2. Suppose -65 + 15 = -w. Let a = w + -52. Give m(a).
8
Let w(s) = -11 - 2*s**2 - 51*s + 150*s - 87*s. Give w(5).
-1
Let d(o) = -o**2 - 9*o - 5. Suppose -8*k + 6*k + 56 = 0. Let b = 47 - k. Let c = 12 - b. Give d(c).
9
Suppose -7*j + 12 = -4*j. Let i(p) = -4*p**2 - 5*p - j*p + 4*p**2 - p**2 - 9. Give i(-7).
5
Let m(f) = f**3 - f**2 - 6*f - 7. Let q(x) = 2*x**3 - 3*x**2 - 10*x - 13. Let y(h) = -5*m(h) + 3*q(h). Let n = 19 + -16. Calculate y(n).
-13
Let j(g) = -4*g**2 + 6*g - 12. Let a(v) = -3*v**2 + 6*v - 11. Let q = 14 + -19. Let n(r) = q*a(r) + 4*j(r). Let m be 1 - (-8)/(-12)*12. What is n(m)?
0
Let v(h) = h**2 + 8*h + 8. Let j be ((-234)/(-72))/((-5)/4 + 1). Let m(l) = 2*l**2 + 16*l + 16. Let p(z) = j*v(z) + 6*m(z). Determine p(-6).
4
Let z = 32 + -34. Let y be (27/z)/((-7)/(-14)). Let t be y/(-18)*(2 + 0). Let q(s) = -s**2 + s. Give q(t).
-6
Let h(m) be the third derivative of 0*m + 0 + 1/6*m**4 + 34*m**2 - 1/60*m**5 - 5/6*m**3. Determine h(4).
-5
Let z(m) be the third derivative of -m**6/120 + m**5/6 - 5*m**4/12 - m**3/2 + 260*m**2. Determine z(9).
-12
Let x(p) be the second derivative of 1/20*p**5 + 1/2*p**2 + 0*p**3 - 5/12*p**4 - 1 - p. Suppose 32 = 4*k - 4*s - 0*s, 4*k + 3*s = 11. What is x(